 -15558 - -20940. Calculate the remainder when x is divided by 17.
10
Let v(d) = -d**2 - 83*d - 428. What is the remainder when ((-1365)/(-26))/(2/4) is divided by v(-6)?
3
Let d = 686 - -223. What is the remainder when d is divided by 14?
13
Suppose -338*a + 333*a + 574 = -c, -4*a = 3*c - 463. What is the remainder when 219 is divided by a?
104
Let s = 9 - -7. Suppose -2*f - 6 = -s. Let r(x) = 15*x**2 + 5*x - 4. What is the remainder when r(1) is divided by f?
1
Let k(h) = -65*h**3 - 4*h**2 - h + 7. Calculate the remainder when k(-2) is divided by 47.
43
Let f = 527 - 479. Suppose -80*s = -88*s + f. Calculate the remainder when 13 is divided by s.
1
Let d = 4964 - 4855. Calculate the remainder when d is divided by 38.
33
Let j = 6 + 0. Let b be 4488/18 + 4/j. Suppose -10*a + b = -5*a. Calculate the remainder when a is divided by 26.
24
Suppose -5*n + 4*u + 18 = 0, -3*n + 5*u - 9 + 12 = 0. Suppose n*i = 351 + 117. What is the remainder when i is divided by 20?
18
Let o = 17678 + -13509. Calculate the remainder when o is divided by 43.
41
Suppose -2*o = 5*g + 21, 4*o - 4*g - 30 = -o. Suppose 3*w + o*d = 3*d + 78, 5*d = 15. What is the remainder when 22 is divided by ((-12)/(-18))/(3/w)?
4
Calculate the remainder when 1002 is divided by (-1899)/(-6) + -2 - 5/(-10).
57
Let m be 18/(-12)*6/9*-3. Suppose 3*s = -2*h + 15, h - m*h = 4*s - 14. What is the remainder when 116 is divided by h?
8
Let y(d) = 118*d + 8982. Suppose 3*p + p = 8. Suppose 4*v - 4*g = -p*g + 40, -4*v = -g - 36. What is the remainder when y(-76) is divided by v?
6
Suppose -727 = -220*d + 178*d + 11579. Calculate the remainder when 301 is divided by d.
8
Suppose 4*d = -y - 126 + 303, -4*y + 813 = -5*d. Suppose 4*w = -4*o + 61 + 11, 3*w + 66 = 3*o. What is the remainder when y is divided by o?
17
Let y be -7 + 4/(4/5). Let n be (1/y)/((15/(-4))/15). Calculate the remainder when n/10 - 13203/(-135) is divided by 33.
32
Let q(n) = 19*n - 31. Let a be q(6). Suppose -16*v + a + 157 = 0. Calculate the remainder when 101 is divided by v.
11
Let n be 2/(-3) - 28880/(-120). Let t = n - 232. What is the remainder when 37 is divided by t?
5
Let n(h) = h**3 - 4*h**2 + 8*h + 10. What is the remainder when n(6) is divided by 37?
19
Suppose 0 = -16*k - 9217 + 29297. What is the remainder when k is divided by 141?
127
Let o(d) = -d**2 - 7*d + 1. Suppose -65 = 2*x + 37. Let k = x + 100. What is the remainder when k is divided by o(-4)?
10
Suppose -z + 6*z = 40. Let h = z - 21. Let q = h - -18. Calculate the remainder when 12 is divided by q.
2
Let h be 5*(461/5 - -5). Let q = h + -144. What is the remainder when q is divided by 43?
41
Let i = 201569 + -201508. Calculate the remainder when i is divided by 4/6 + 91/3.
30
Suppose 3*z = 2*g - 1, 0*z + 5 = -3*z + g. Calculate the remainder when 144 + 2 + 3 + -3 + z is divided by 21.
17
Calculate the remainder when 319 is divided by (-3)/(-9)*(-16)/((-144)/2889).
105
Let q(x) = -22*x**2 + x + 1. Let m be q(-1). Suppose 22 = -14*p + 462 + 134. What is the remainder when p is divided by (m/(-3))/((-3)/(-9))?
19
Suppose -3*j + 38*h = 40*h - 1889, 0 = -4*j - h + 2517. Calculate the remainder when j is divided by 62.
9
Let r = -291 + 401. Let k = 239 - r. Calculate the remainder when k is divided by 19.
15
Let z(t) = 13*t**2 - 5*t + 6. Let r be z(-6). Let k = r + -409. What is the remainder when k is divided by 28?
11
Suppose -4*g + 3*g + 24 = 0. Let o(f) = -2*f**2 - 62*f + 886. What is the remainder when o(-39) is divided by g?
22
Calculate the remainder when ((-94)/(-47))/(3/5 + (-573872)/956720) is divided by 23.
22
Let q(r) = 8 - 5*r + 5*r + 4*r - 41 + 3*r. What is the remainder when 48 is divided by q(6)?
3
Suppose 4*k + 5*r = 176, -4*r = k - 31 - 2. Let q = -57 + k. Calculate the remainder when 14 is divided by 1/(14/(-12) + (-12)/q).
2
Suppose -1770*b = -1768*b - 1664. Calculate the remainder when b is divided by 60.
52
Suppose -7*k + f + 1755 = -3*k, -5*f = -3*k + 1312. Calculate the remainder when k is divided by 8.
7
Suppose -1409 - 1487 = -2*x - 4*u, -3*x - 3*u = -4344. Calculate the remainder when x is divided by 66.
62
Suppose -14*v - 57 + 421 = 0. What is the remainder when 571 is divided by v?
25
Suppose 4*m = -7 - 437. Let d = m + 156. What is the remainder when 447 is divided by d?
42
Suppose 9*b - b - 72 = 0. What is the remainder when 46 is divided by b?
1
Let q(f) = f + 9. Let r = 356 + -353. What is the remainder when 36 is divided by q(r)?
0
Let l = 5895 - 5260. What is the remainder when l is divided by 133?
103
Suppose 44 = 3*b + b. What is the remainder when (17/(-1))/(65/(-260)) is divided by b?
2
Suppose -2*y + 7 = -11. Suppose -5*v = -f + 20, 176*f + 178 = 181*f + v. Calculate the remainder when f is divided by y.
8
Let r(a) be the first derivative of -a**4/4 + 7*a**3/3 + 3*a**2 + 23*a + 9. What is the remainder when 18 is divided by r(8)?
4
Let g(l) = -114*l**2 + 1523*l - 22. What is the remainder when g(11) is divided by 976?
9
Let r be ((-6)/(-3))/(4/8). What is the remainder when 26*(30/r + -5) is divided by 17?
14
What is the remainder when 8/16*560 + -1 is divided by 57?
51
Let j(u) = -u**2 - 27*u - 25. Let g be j(-20). Calculate the remainder when ((-138)/g)/(3/(-340)) is divided by 6.
4
Suppose -4 = -4*a - 0*a. Let d be (0 - 0/a) + 0. Suppose 2*h + h - 303 = d. Calculate the remainder when h is divided by 26.
23
Suppose -7*u + 9*u - 80 = 0. What is the remainder when (u + 1)*22/11 is divided by 42?
40
Let h(r) = r**2 - 13*r + 1. Let j be h(15). Suppose 5*l - 59 = j. Suppose -l = q - 43. Calculate the remainder when 173 is divided by q.
23
What is the remainder when (396/(-22) - -15)/((-1)/498) is divided by 65?
64
Suppose -32*o + 48*o + 50500 = 141*o. What is the remainder when o is divided by 146?
112
Suppose 0 = -3*h + 2*r - 3, -3*r = -0*r - 9. Let d be ((1 - -1) + 0)/(376 + -377). Calculate the remainder when (3/d)/(h/(-96)*2) is divided by 19.
15
Suppose 4*f - 173 + 49 = 0. Let o = f - 28. Suppose 131 = 4*t - g, 0*g + o*g = t - 41. Calculate the remainder when t is divided by 13.
6
Let x(g) = -30*g + 1600. What is the remainder when 978 is divided by x(51)?
68
Let m be (-3*2)/((56/(-1225))/4). Let g = m - 491. Calculate the remainder when 112 is divided by g.
10
Suppose 3*v = m + 11, -2*v + 2*m + 21 = 7. Suppose 13*d - 17 = 295. What is the remainder when (67/v)/(5/10) is divided by d?
19
Suppose 35 + 31 = -6*r. Let m = r - -51. Calculate the remainder when m/3*(-264)/(-55) is divided by 6.
4
Let i = 19696 + -19645. Calculate the remainder when 1834 is divided by i.
49
Suppose 0 = -46*z + 41957 - 235. Calculate the remainder when z is divided by 13.
10
Let g(y) = -2*y**2 + 53*y + 13. Let b be g(28). Let z = 74 + b. Let p = 34 + -20. Calculate the remainder when p is divided by z.
2
Suppose 3*a = 3*p + 159, 315 = 5*a + 5*p - 0*p. Suppose -162*k - 5960 = -172*k. Suppose -6*v + 784 + k = 0. Calculate the remainder when v is divided by a.
56
Let v(g) = 13*g + 697. What is the remainder when v(-13) is divided by 31?
1
Let p(k) = 10*k + 5 + 13*k - 29*k - 45. Calculate the remainder when 68 is divided by p(-9).
12
Suppose -23250 = -6*d - 22944. What is the remainder when 25753 is divided by d?
49
Let h = -21 + 33. Suppose -h*z = -15*z + 57. Let d = z - 5. Calculate the remainder when 54 is divided by d.
12
Let l = -132 + 134. What is the remainder when (3 + (-2)/l)*270/20 is divided by 5?
2
Let f(w) = 4*w**3 - w**2 + w - 1. Let l be f(1). Let i be l*-2 + (0/(-4))/(-4). What is the remainder when 112 is divided by ((-4)/i)/(2/(-3)) - -24?
20
Let r = -3843 + 3864. Suppose -2*d = 4*t - 702, 0 = 3*t + 2*d + 2*d - 519. Calculate the remainder when t is divided by r.
9
Let i(k) be the first derivative of 3*k**4/4 - 2*k**3 + 7*k**2 - 40*k + 34. Calculate the remainder when i(4) is divided by 35.
7
Let p(s) = -7*s**3 + 14*s**2 + 25*s + 3. Let v(i) = -2*i**3 + i**2 + i + 1. Let t(q) = p(q) - 4*v(q). What is the remainder when 109 is divided by t(-4)?
10
Suppose 40*q + 5*q - 18981 = 18*q. What is the remainder when 761 is divided by q?
58
Suppose -k - 3*w + 16 = 0, 16*k + 4*w = 11*k + 69. Calculate the remainder when 257 - (2/(-7) + 4/14) is divided by k.
10
Let z = -37 + 34. Calculate the remainder when 1/(z - (-1744)/580) is div